{"id":668,"date":"2016-03-08T12:18:38","date_gmt":"2016-03-08T11:18:38","guid":{"rendered":"http:\/\/www.caregeneva.com\/?page_id=668&#038;lang=en"},"modified":"2025-01-30T11:26:20","modified_gmt":"2025-01-30T10:26:20","slug":"facelift","status":"publish","type":"page","link":"https:\/\/www.caregeneva.com\/en\/facelift\/","title":{"rendered":"Facelift"},"content":{"rendered":"<section class=\"av_textblock_section \"  itemscope=\"itemscope\" itemtype=\"https:\/\/schema.org\/CreativeWork\" ><div class='avia_textblock  '   itemprop=\"text\" ><h1 style=\"text-align: center;\">Facelift<\/h1>\n<div class='avia-iframe-wrap'><iframe loading=\"lazy\" title=\"Le lifting cervicofacial reste le traitement optimal de rajeunissement\" width=\"1500\" height=\"844\" src=\"https:\/\/www.youtube.com\/embed\/8rwf7TDGH-0?feature=oembed\" frameborder=\"0\" allow=\"accelerometer; autoplay; clipboard-write; encrypted-media; gyroscope; picture-in-picture; web-share\" referrerpolicy=\"strict-origin-when-cross-origin\" allowfullscreen><\/iframe><\/div>\n<div class='avia-iframe-wrap'><iframe loading=\"lazy\" title=\"Lifting des pomettes quand les injections d&#039;acide hyaluronique ne suffisent plus\" width=\"1500\" height=\"844\" src=\"https:\/\/www.youtube.com\/embed\/T39XKfY8o9k?feature=oembed\" frameborder=\"0\" allow=\"accelerometer; autoplay; clipboard-write; encrypted-media; gyroscope; picture-in-picture; web-share\" referrerpolicy=\"strict-origin-when-cross-origin\" allowfullscreen><\/iframe><\/div>\n<p>This\u00a0facelift treatment allows surgical correction of aging in the neck as well as the face. The head and neck lift can be performed as soon as the signs of aging appear, usually from 40 or 45 years. This procedure can be associated with another gesture facial cosmetic surgery: eyelid surgery (blepharoplasty), correction of forehead wrinkles (botulinum toxin), or wrinkle treatment (chemical peels).<\/p>\n<h3>Learn more about the facelift treatment<\/h3>\n<p>The treat sagging operation aims and relaxation Modern facelift is a surgical procedure that improves the face in 3D space. As we age, the face undergoes a vertical descent due to gravity of the skin and muscles of the face: oval temples and eyebrows, cheeks, jowls, face and neck. But there is also a loss of highly visible volume at the cheekbones, for example. The modern facelift treatment corrects both problems at once.<\/p>\n<p>The purpose of such intervention is not to change the shape and appearance of the face. On the contrary, the mere restoration of various anatomical structures of the face and neck (skin, muscle, fat) provides a natural and lasting result.<\/p>\n<p>Skin incisions required are hidden mostly in the hair (at the temples and neck) and around the ear. The scar is thus almost entirely concealed.<\/p>\n<p>The modern facelift treatment of the middle third of the face can correct all the stigmata of aging of the face without scars on the face. Indeed, a short scar is used in the scalp. This facelift that gives exceptional results is performed under local anesthesia with mild sedation, only an hour and a half, and do not require hospitalization.<\/p>\n<p>Liposuction can be associated mainly to correct the curvature of the neck.<\/p>\n<p>The head and neck lift can be performed under local anesthesia with sedation or hypnosedation or under general anesthesia and takes about 2-3 hours. Hospitalization for just one day (ambulatory surgery). After surgery, a modeling bandage for 24 hours is achieved.<\/p>\n<p>In the early days, may appear edema and bruising, more annoying than really painful, which disappear on average within 10 postoperative days. The son of suture are removed on the 8th postoperative day. Treatment of lymphatic drainage will be offered during this period.<\/p>\n<p>Possible complications:<\/p>\n<ul>\n<li>Postoperative hematoma be drained.<\/li>\n<li>Facial paralysis.<\/li>\n<li>Skin suffering in rare cases may leave a scar<\/li>\n<\/ul>\n<div id=\"accordion1\" class=\"accordionfaq arrow\"><\/div>\n<\/div><\/section>\n<div class=\"flex_column av_one_full  flex_column_div av-zero-column-padding first  avia-builder-el-1  el_after_av_textblock  avia-builder-el-last  column-top-margin\" style='border-radius:0px; '><section class=\"av_textblock_section \"  itemscope=\"itemscope\" itemtype=\"https:\/\/schema.org\/CreativeWork\" ><div class='avia_textblock  '   itemprop=\"text\" ><hr \/>\n<h3>Photo Gallery<\/h3>\n<\/div><\/section><br \/>\n<section class=\"av_textblock_section \"  itemscope=\"itemscope\" itemtype=\"https:\/\/schema.org\/CreativeWork\" ><div class='avia_textblock  '   itemprop=\"text\" ><div><\/div>\n<\/div><\/section><\/p><\/div>\n","protected":false},"excerpt":{"rendered":"","protected":false},"author":4,"featured_media":0,"parent":0,"menu_order":0,"comment_status":"closed","ping_status":"closed","template":"","meta":{"footnotes":""},"class_list":["post-668","page","type-page","status-publish","hentry"],"yoast_head":"<!-- This site is optimized with the Yoast SEO Premium plugin v24.4 (Yoast SEO v24.4) - https:\/\/yoast.com\/wordpress\/plugins\/seo\/ -->\n<title>Facelift<\/title>\n<meta name=\"description\" content=\"Facelift with a short scar, quick recovery and a natural long lasting result, is the optimal treatment of sagging face.\" \/>\n<meta name=\"robots\" content=\"index, follow, max-snippet:-1, max-image-preview:large, max-video-preview:-1\" \/>\n<link rel=\"canonical\" href=\"https:\/\/www.caregeneva.com\/en\/facelift\/\" \/>\n<meta property=\"og:locale\" content=\"en_US\" \/>\n<meta property=\"og:type\" content=\"article\" \/>\n<meta property=\"og:title\" content=\"Facelift\" \/>\n<meta property=\"og:description\" content=\"Facelift with a short scar, quick recovery and a natural long lasting result, is the optimal treatment of sagging face.\" \/>\n<meta property=\"og:url\" content=\"https:\/\/www.caregeneva.com\/en\/facelift\/\" \/>\n<meta property=\"og:site_name\" content=\"Care Geneva Aesthetics\" \/>\n<meta property=\"article:modified_time\" content=\"2025-01-30T10:26:20+00:00\" \/>\n<meta name=\"twitter:card\" content=\"summary_large_image\" \/>\n<meta name=\"twitter:label1\" content=\"Est. reading time\" \/>\n\t<meta name=\"twitter:data1\" content=\"3 minutes\" \/>\n<script type=\"application\/ld+json\" class=\"yoast-schema-graph\">{\"@context\":\"https:\/\/schema.org\",\"@graph\":[{\"@type\":\"WebPage\",\"@id\":\"https:\/\/www.caregeneva.com\/en\/facelift\/\",\"url\":\"https:\/\/www.caregeneva.com\/en\/facelift\/\",\"name\":\"Facelift\",\"isPartOf\":{\"@id\":\"https:\/\/www.caregeneva.com\/en\/#website\"},\"datePublished\":\"2016-03-08T11:18:38+00:00\",\"dateModified\":\"2025-01-30T10:26:20+00:00\",\"description\":\"Facelift with a short scar, quick recovery and a natural long lasting result, is the optimal treatment of sagging face.\",\"breadcrumb\":{\"@id\":\"https:\/\/www.caregeneva.com\/en\/facelift\/#breadcrumb\"},\"inLanguage\":\"en-US\",\"potentialAction\":[{\"@type\":\"ReadAction\",\"target\":[\"https:\/\/www.caregeneva.com\/en\/facelift\/\"]}]},{\"@type\":\"BreadcrumbList\",\"@id\":\"https:\/\/www.caregeneva.com\/en\/facelift\/#breadcrumb\",\"itemListElement\":[{\"@type\":\"ListItem\",\"position\":1,\"name\":\"Accueil\",\"item\":\"https:\/\/www.caregeneva.com\/en\/\"},{\"@type\":\"ListItem\",\"position\":2,\"name\":\"Facelift\"}]},{\"@type\":\"WebSite\",\"@id\":\"https:\/\/www.caregeneva.com\/en\/#website\",\"url\":\"https:\/\/www.caregeneva.com\/en\/\",\"name\":\"Care Geneva Aesthetics\",\"description\":\"Clinique de chirurgie plastique et de m\u00e9decine esth\u00e9tique \u00e0 Gen\u00e8ve qui offre des traitements avec un r\u00e9sultat naturel et durable dans le temps, en s&#039;appuyant sur des techniques s\u00fbres et \u00e0 la pointe de la recherche scientifique\",\"potentialAction\":[{\"@type\":\"SearchAction\",\"target\":{\"@type\":\"EntryPoint\",\"urlTemplate\":\"https:\/\/www.caregeneva.com\/en\/?s={search_term_string}\"},\"query-input\":{\"@type\":\"PropertyValueSpecification\",\"valueRequired\":true,\"valueName\":\"search_term_string\"}}],\"inLanguage\":\"en-US\"}]}<\/script>\n<!-- \/ Yoast SEO Premium plugin. -->","yoast_head_json":{"title":"Facelift","description":"Facelift with a short scar, quick recovery and a natural long lasting result, is the optimal treatment of sagging face.","robots":{"index":"index","follow":"follow","max-snippet":"max-snippet:-1","max-image-preview":"max-image-preview:large","max-video-preview":"max-video-preview:-1"},"canonical":"https:\/\/www.caregeneva.com\/en\/facelift\/","og_locale":"en_US","og_type":"article","og_title":"Facelift","og_description":"Facelift with a short scar, quick recovery and a natural long lasting result, is the optimal treatment of sagging face.","og_url":"https:\/\/www.caregeneva.com\/en\/facelift\/","og_site_name":"Care Geneva Aesthetics","article_modified_time":"2025-01-30T10:26:20+00:00","twitter_card":"summary_large_image","twitter_misc":{"Est. reading time":"3 minutes"},"schema":{"@context":"https:\/\/schema.org","@graph":[{"@type":"WebPage","@id":"https:\/\/www.caregeneva.com\/en\/facelift\/","url":"https:\/\/www.caregeneva.com\/en\/facelift\/","name":"Facelift","isPartOf":{"@id":"https:\/\/www.caregeneva.com\/en\/#website"},"datePublished":"2016-03-08T11:18:38+00:00","dateModified":"2025-01-30T10:26:20+00:00","description":"Facelift with a short scar, quick recovery and a natural long lasting result, is the optimal treatment of sagging face.","breadcrumb":{"@id":"https:\/\/www.caregeneva.com\/en\/facelift\/#breadcrumb"},"inLanguage":"en-US","potentialAction":[{"@type":"ReadAction","target":["https:\/\/www.caregeneva.com\/en\/facelift\/"]}]},{"@type":"BreadcrumbList","@id":"https:\/\/www.caregeneva.com\/en\/facelift\/#breadcrumb","itemListElement":[{"@type":"ListItem","position":1,"name":"Accueil","item":"https:\/\/www.caregeneva.com\/en\/"},{"@type":"ListItem","position":2,"name":"Facelift"}]},{"@type":"WebSite","@id":"https:\/\/www.caregeneva.com\/en\/#website","url":"https:\/\/www.caregeneva.com\/en\/","name":"Care Geneva Aesthetics","description":"Clinique de chirurgie plastique et de m\u00e9decine esth\u00e9tique \u00e0 Gen\u00e8ve qui offre des traitements avec un r\u00e9sultat naturel et durable dans le temps, en s&#039;appuyant sur des techniques s\u00fbres et \u00e0 la pointe de la recherche scientifique","potentialAction":[{"@type":"SearchAction","target":{"@type":"EntryPoint","urlTemplate":"https:\/\/www.caregeneva.com\/en\/?s={search_term_string}"},"query-input":{"@type":"PropertyValueSpecification","valueRequired":true,"valueName":"search_term_string"}}],"inLanguage":"en-US"}]}},"_links":{"self":[{"href":"https:\/\/www.caregeneva.com\/en\/wp-json\/wp\/v2\/pages\/668","targetHints":{"allow":["GET"]}}],"collection":[{"href":"https:\/\/www.caregeneva.com\/en\/wp-json\/wp\/v2\/pages"}],"about":[{"href":"https:\/\/www.caregeneva.com\/en\/wp-json\/wp\/v2\/types\/page"}],"author":[{"embeddable":true,"href":"https:\/\/www.caregeneva.com\/en\/wp-json\/wp\/v2\/users\/4"}],"replies":[{"embeddable":true,"href":"https:\/\/www.caregeneva.com\/en\/wp-json\/wp\/v2\/comments?post=668"}],"version-history":[{"count":2,"href":"https:\/\/www.caregeneva.com\/en\/wp-json\/wp\/v2\/pages\/668\/revisions"}],"predecessor-version":[{"id":7385,"href":"https:\/\/www.caregeneva.com\/en\/wp-json\/wp\/v2\/pages\/668\/revisions\/7385"}],"wp:attachment":[{"href":"https:\/\/www.caregeneva.com\/en\/wp-json\/wp\/v2\/media?parent=668"}],"curies":[{"name":"wp","href":"https:\/\/api.w.org\/{rel}","templated":true}]}}

<!-- This site is optimized with the Yoast SEO Premium plugin v24.4 (Yoast SEO v24.4) - https://yoast.com/wordpress/plugins/seo/ -->
<title>Facelift</title>
<meta name="description" content="Facelift with a short scar, quick recovery and a natural long lasting result, is the optimal treatment of sagging face." />
<meta name="robots" content="index, follow, max-snippet:-1, max-image-preview:large, max-video-preview:-1" />
<link rel="canonical" href="https://www.caregeneva.com/en/facelift/" />
<meta property="og:locale" content="en_US" />
<meta property="og:type" content="article" />
<meta property="og:title" content="Facelift" />
<meta property="og:description" content="Facelift with a short scar, quick recovery and a natural long lasting result, is the optimal treatment of sagging face." />
<meta property="og:url" content="https://www.caregeneva.com/en/facelift/" />
<meta property="og:site_name" content="Care Geneva Aesthetics" />
<meta property="article:modified_time" content="2025-01-30T10:26:20+00:00" />
<meta name="twitter:card" content="summary_large_image" />
<meta name="twitter:label1" content="Est. reading time" />
	<meta name="twitter:data1" content="3 minutes" />
<script type="application/ld+json" class="yoast-schema-graph">{"@context":"https://schema.org","@graph":[{"@type":"WebPage","@id":"https://www.caregeneva.com/en/facelift/","url":"https://www.caregeneva.com/en/facelift/","name":"Facelift","isPartOf":{"@id":"https://www.caregeneva.com/en/#website"},"datePublished":"2016-03-08T11:18:38+00:00","dateModified":"2025-01-30T10:26:20+00:00","description":"Facelift with a short scar, quick recovery and a natural long lasting result, is the optimal treatment of sagging face.","breadcrumb":{"@id":"https://www.caregeneva.com/en/facelift/#breadcrumb"},"inLanguage":"en-US","potentialAction":[{"@type":"ReadAction","target":["https://www.caregeneva.com/en/facelift/"]}]},{"@type":"BreadcrumbList","@id":"https://www.caregeneva.com/en/facelift/#breadcrumb","itemListElement":[{"@type":"ListItem","position":1,"name":"Accueil","item":"https://www.caregeneva.com/en/"},{"@type":"ListItem","position":2,"name":"Facelift"}]},{"@type":"WebSite","@id":"https://www.caregeneva.com/en/#website","url":"https://www.caregeneva.com/en/","name":"Care Geneva Aesthetics","description":"Clinique de chirurgie plastique et de médecine esthétique à Genève qui offre des traitements avec un résultat naturel et durable dans le temps, en s&#039;appuyant sur des techniques sûres et à la pointe de la recherche scientifique","potentialAction":[{"@type":"SearchAction","target":{"@type":"EntryPoint","urlTemplate":"https://www.caregeneva.com/en/?s={search_term_string}"},"query-input":{"@type":"PropertyValueSpecification","valueRequired":true,"valueName":"search_term_string"}}],"inLanguage":"en-US"}]}</script>
<!-- / Yoast SEO Premium plugin. -->

Clinique de chirurgie plastique et de médecine esthétique à Genève qui offre des traitements avec un résultat naturel et durable dans le temps, en s&#039;appuyant sur des techniques sûres et à la pointe de la recherche scientifique
